{"id":2657,"date":"2025-12-30T08:06:39","date_gmt":"2025-12-30T11:06:39","guid":{"rendered":"https:\/\/novasantarosa.pr.gov.br\/cultura\/?page_id=2657"},"modified":"2025-12-30T08:06:39","modified_gmt":"2025-12-30T11:06:39","slug":"o-departamento","status":"publish","type":"page","link":"https:\/\/novasantarosa.pr.gov.br\/cultura\/o-departamento\/","title":{"rendered":"O Departamento"},"content":{"rendered":"<p>Ao Departamento de Cultura incumbe:<\/p>\n<p>I \u2013 promover as manifesta\u00e7\u00f5es culturais, objetivando o desenvolvimento das comunidades urbanas e rurais do Munic\u00edpio;<\/p>\n<p>II \u2013 promover a divulga\u00e7\u00e3o do calend\u00e1rio de festividades t\u00edpicas do Munic\u00edpio, objetivando manter vivas as tradi\u00e7\u00f5es e festas populares que de alguma forma manifestem a cultura do Munic\u00edpio;<\/p>\n<p>III \u2013 promover a execu\u00e7\u00e3o de programas e campanhas culturais, difundir e estimular a cultura em todos os seus aspectos;<\/p>\n<p>IV \u2013 executar programas art\u00edsticos e folcl\u00f3ricos, proteger o patrim\u00f4nio hist\u00f3rico e cultural do Munic\u00edpio;<\/p>\n<p>V \u2013 articular-se com os organismos cong\u00eaneres do Munic\u00edpio, ou fora dele, visando o incentivo das atividades culturais;<\/p>\n<p>VI \u2013 propor a execu\u00e7\u00e3o de conv\u00eanios culturais com entidades p\u00fablicas federais, estaduais e municipais;<\/p>\n<p>VII \u2013 realizar concursos liter\u00e1rios, propondo a institui\u00e7\u00e3o de pr\u00eamios aos vencedores;<\/p>\n<p>VIII \u2013 cooperar com a realiza\u00e7\u00e3o das semanas de cursos, congressos, reuni\u00f5es, festividades de car\u00e1ter sociocultural de interesse da popula\u00e7\u00e3o;<\/p>\n<p>IX \u2013 promover a ornamenta\u00e7\u00e3o da cidade para as festividades tradicionais,<\/p>\n<p>X \u2013 manter o controle e uso dos equipamentos audiovisuais sob sua responsabilidade;<\/p>\n<p>XI \u2013 organizar um sistema de informa\u00e7\u00f5es culturais, art\u00edsticas e do patrim\u00f4nio hist\u00f3rico;<\/p>\n<p>XII \u2013 desempenhar as demais atividades correlatas que lhe forem determinadas ou delegadas. Art. 35.<\/p>\n<p>\u00c0 Coordenadoria Cultural incumbe:<\/p>\n<p>I \u2013 coordenar as a\u00e7\u00f5es culturais desenvolvidas pelas unidades respons\u00e1veis;<\/p>\n<p>II \u2013 coordenar, apoiar e divulgar atividades culturais e comunit\u00e1rias em andamento;<\/p>\n<p>III \u2013 supervisionar a equipe respons\u00e1vel pela promo\u00e7\u00e3o de eventos culturais, c\u00edvicos e outras atividades art\u00edsticas no \u00e2mbito do Munic\u00edpio;<\/p>\n<p>IV \u2013 supervisionar a execu\u00e7\u00e3o dos projetos culturais;<\/p>\n<p>V \u2013 participar de planejamentos estrat\u00e9gicos em sua \u00e1rea de atua\u00e7\u00e3o;<\/p>\n<p>VI \u2013 desempenhar as demais atividades correlatas que lhe forem determinadas ou delegadas. Art. 36.<\/p>\n<p>\u00c0 Unidade de Atividades Culturais incumbe:<\/p>\n<p>I \u2013 organizar, planejar e incentivar as festas comemorativas, c\u00edvicas dentre outras;<\/p>\n<p>II \u2013 promover, incentivar e organizar eventos e atividades culturais, como forma de alcan\u00e7ar o entretenimento saud\u00e1vel do cidad\u00e3o;<\/p>\n<p>III \u2013 organizar as inaugura\u00e7\u00f5es de obras executadas pela administra\u00e7\u00e3o municipal, obedecendo as diretrizes legais;<\/p>\n<p>IV \u2013 promover eventos culturais, atendendo os bairros, vilas e distritos do Munic\u00edpio;<\/p>\n<p>V \u2013 coletar, sistematizar e disponibilizar dados relacionados \u00e0 programa\u00e7\u00e3o e produ\u00e7\u00e3o em cada uma das \u00e1reas, visando, principalmente, \u00e0 obten\u00e7\u00e3o de subs\u00eddios para a defini\u00e7\u00e3o dos eventos da Secretaria;<\/p>\n<p>VI \u2013 estimular a participa\u00e7\u00e3o da comunidade na programa\u00e7\u00e3o, produ\u00e7\u00e3o e avalia\u00e7\u00e3o de atividades em cada uma das \u00e1reas de atua\u00e7\u00e3o;<\/p>\n<p>VII \u2013 promover a participa\u00e7\u00e3o do munic\u00edpio em eventos art\u00edsticos e culturais de car\u00e1ter popular;<\/p>\n<p>VIII \u2013 desempenhar as demais atividades correlatas que lhe forem determinadas ou delegadas. Art. 37.<\/p>\n<p>\u00c0 Unidade de Artes C\u00eanicas, Visuais e Musicais:<\/p>\n<p>I \u2013 planejar, controlar e desenvolver a execu\u00e7\u00e3o de artes c\u00eanicas envolvendo teatro, dan\u00e7a, circo, dentre outras;<\/p>\n<p>II \u2013 planejar, controlar e desenvolver a execu\u00e7\u00e3o de artes musicais nos seus mais variados tipos e estilos, apresenta\u00e7\u00e3o de coral, banda e fanfarra, dentre outras;<\/p>\n<p>III \u2013 planejar, controlar e desenvolver a execu\u00e7\u00e3o de artes visuais envolvendo fotografia, artes pl\u00e1sticas e artes gr\u00e1ficas, dentre outras;<\/p>\n<p>IV \u2013 organizar e manter invent\u00e1rios dos bens destinados ao desenvolvimento de suas atividades;<\/p>\n<p>V \u2013 promover a cria\u00e7\u00e3o e o desenvolvimento das artes, por meio de cursos e oficinas;<\/p>\n<p>VI \u2013 incentivar a cria\u00e7\u00e3o de grupos folcl\u00f3ricos no Munic\u00edpio;<\/p>\n<p>VII \u2013 desempenhar as demais atividades correlatas que lhe forem determinadas ou delegadas.<\/p>\n","protected":false},"excerpt":{"rendered":"<p>Ao Departamento de Cultura incumbe: I \u2013 promover as manifesta\u00e7\u00f5es culturais, objetivando o desenvolvimento das comunidades urbanas e rurais do Munic\u00edpio; II \u2013 promover a divulga\u00e7\u00e3o do calend\u00e1rio de festividades [&hellip;]<\/p>\n","protected":false},"author":1,"featured_media":0,"parent":0,"menu_order":0,"comment_status":"closed","ping_status":"closed","template":"","meta":{"tdm_status":"","tdm_grid_status":"","footnotes":""},"class_list":["post-2657","page","type-page","status-publish"],"_links":{"self":[{"href":"https:\/\/novasantarosa.pr.gov.br\/cultura\/wp-json\/wp\/v2\/pages\/2657","targetHints":{"allow":["GET"]}}],"collection":[{"href":"https:\/\/novasantarosa.pr.gov.br\/cultura\/wp-json\/wp\/v2\/pages"}],"about":[{"href":"https:\/\/novasantarosa.pr.gov.br\/cultura\/wp-json\/wp\/v2\/types\/page"}],"author":[{"embeddable":true,"href":"https:\/\/novasantarosa.pr.gov.br\/cultura\/wp-json\/wp\/v2\/users\/1"}],"replies":[{"embeddable":true,"href":"https:\/\/novasantarosa.pr.gov.br\/cultura\/wp-json\/wp\/v2\/comments?post=2657"}],"version-history":[{"count":1,"href":"https:\/\/novasantarosa.pr.gov.br\/cultura\/wp-json\/wp\/v2\/pages\/2657\/revisions"}],"predecessor-version":[{"id":2658,"href":"https:\/\/novasantarosa.pr.gov.br\/cultura\/wp-json\/wp\/v2\/pages\/2657\/revisions\/2658"}],"wp:attachment":[{"href":"https:\/\/novasantarosa.pr.gov.br\/cultura\/wp-json\/wp\/v2\/media?parent=2657"}],"curies":[{"name":"wp","href":"https:\/\/api.w.org\/{rel}","templated":true}]}}