{"id":1115,"date":"2021-01-05T07:38:01","date_gmt":"2021-01-05T07:38:01","guid":{"rendered":"http:\/\/el.commonsupport.com\/newwp\/unico\/?page_id=1115"},"modified":"2021-07-31T01:40:16","modified_gmt":"2021-07-31T04:40:16","slug":"licitacao","status":"publish","type":"page","link":"https:\/\/novasantarosa.pr.gov.br\/saladoempreendedor\/licitacao\/","title":{"rendered":"Licita\u00e7\u00e3o"},"content":{"rendered":"\t\t<div data-elementor-type=\"wp-page\" data-elementor-id=\"1115\" class=\"elementor elementor-1115\">\n\t\t\t\t\t\t<section class=\"elementor-section elementor-top-section elementor-element elementor-element-3230f77 elementor-section-boxed elementor-section-height-default elementor-section-height-default\" data-id=\"3230f77\" data-element_type=\"section\">\n\t\t\t\t\t\t<div class=\"elementor-container elementor-column-gap-default\">\n\t\t\t\t\t<div class=\"elementor-column elementor-col-100 elementor-top-column elementor-element elementor-element-269c35d\" data-id=\"269c35d\" data-element_type=\"column\">\n\t\t\t<div class=\"elementor-widget-wrap elementor-element-populated\">\n\t\t\t\t\t\t<div class=\"elementor-element elementor-element-8f8c293 elementor-tabs-view-horizontal elementor-widget elementor-widget-tabs\" data-id=\"8f8c293\" data-element_type=\"widget\" data-widget_type=\"tabs.default\">\n\t\t\t\t<div class=\"elementor-widget-container\">\n\t\t\t\t\t\t\t<div class=\"elementor-tabs\">\n\t\t\t<div class=\"elementor-tabs-wrapper\" role=\"tablist\" >\n\t\t\t\t\t\t\t\t\t<div id=\"elementor-tab-title-1501\" class=\"elementor-tab-title elementor-tab-desktop-title\" aria-selected=\"true\" data-tab=\"1\" role=\"tab\" tabindex=\"0\" aria-controls=\"elementor-tab-content-1501\" aria-expanded=\"false\">O que \u00e9 Licita\u00e7\u00e3o?<\/div>\n\t\t\t\t\t\t\t\t\t<div id=\"elementor-tab-title-1502\" class=\"elementor-tab-title elementor-tab-desktop-title\" aria-selected=\"false\" data-tab=\"2\" role=\"tab\" tabindex=\"-1\" aria-controls=\"elementor-tab-content-1502\" aria-expanded=\"false\">MEI pode participar?<\/div>\n\t\t\t\t\t\t\t<\/div>\n\t\t\t<div class=\"elementor-tabs-content-wrapper\" role=\"tablist\" aria-orientation=\"vertical\">\n\t\t\t\t\t\t\t\t\t<div class=\"elementor-tab-title elementor-tab-mobile-title\" aria-selected=\"true\" data-tab=\"1\" role=\"tab\" tabindex=\"0\" aria-controls=\"elementor-tab-content-1501\" aria-expanded=\"false\">O que \u00e9 Licita\u00e7\u00e3o?<\/div>\n\t\t\t\t\t<div id=\"elementor-tab-content-1501\" class=\"elementor-tab-content elementor-clearfix\" data-tab=\"1\" role=\"tabpanel\" aria-labelledby=\"elementor-tab-title-1501\" tabindex=\"0\" hidden=\"false\"><p>\u00c9 o procedimento administrativo formal em que a Administra\u00e7\u00e3o P\u00fablica convoca, por meio de condi\u00e7\u00f5es estabelecidas em ato pr\u00f3prio (edital ou convite), empresas interessadas na apresenta\u00e7\u00e3o de propostas para o oferecimento de bens e servi\u00e7os.<\/p><\/div>\n\t\t\t\t\t\t\t\t\t<div class=\"elementor-tab-title elementor-tab-mobile-title\" aria-selected=\"false\" data-tab=\"2\" role=\"tab\" tabindex=\"-1\" aria-controls=\"elementor-tab-content-1502\" aria-expanded=\"false\">MEI pode participar?<\/div>\n\t\t\t\t\t<div id=\"elementor-tab-content-1502\" class=\"elementor-tab-content elementor-clearfix\" data-tab=\"2\" role=\"tabpanel\" aria-labelledby=\"elementor-tab-title-1502\" tabindex=\"0\" hidden=\"hidden\"><p>Voc\u00ea <strong>MEI<\/strong> pode participar de licita\u00e7\u00f5es. Para consultar avisos e editais de licita\u00e7\u00f5es de nosso munic\u00edpio, basta <a href=\"https:\/\/novasantarosa.atende.net\/?pg=autoatendimento#!\/tipo\/servico\/valor\/8\/padrao\/1\/load\/1\" target=\"_blank\" rel=\"noopener\">clicar aqui<\/a>.<\/p><p>\u00a0<\/p><\/div>\n\t\t\t\t\t\t\t<\/div>\n\t\t<\/div>\n\t\t\t\t\t\t<\/div>\n\t\t\t\t<\/div>\n\t\t\t\t\t<\/div>\n\t\t<\/div>\n\t\t\t\t\t<\/div>\n\t\t<\/section>\n\t\t\t\t<section class=\"elementor-section elementor-top-section elementor-element elementor-element-c9b52f9 elementor-section-full_width elementor-section-height-default elementor-section-height-default\" data-id=\"c9b52f9\" data-element_type=\"section\">\n\t\t\t\t\t\t<div class=\"elementor-container elementor-column-gap-default\">\n\t\t\t\t\t<div class=\"elementor-column elementor-col-100 elementor-top-column elementor-element elementor-element-a72964e\" data-id=\"a72964e\" data-element_type=\"column\">\n\t\t\t<div class=\"elementor-widget-wrap\">\n\t\t\t\t\t\t\t<\/div>\n\t\t<\/div>\n\t\t\t\t\t<\/div>\n\t\t<\/section>\n\t\t\t\t<\/div>\n\t\t","protected":false},"excerpt":{"rendered":"<p>O que \u00e9 Licita\u00e7\u00e3o? MEI pode participar? O que \u00e9 Licita\u00e7\u00e3o? \u00c9 o procedimento administrativo formal em que a Administra\u00e7\u00e3o P\u00fablica convoca, por meio de condi\u00e7\u00f5es estabelecidas em ato pr\u00f3prio (edital ou convite), empresas interessadas na apresenta\u00e7\u00e3o de propostas para o oferecimento de bens e servi\u00e7os. MEI pode participar? Voc\u00ea MEI pode participar de licita\u00e7\u00f5es. [&hellip;]<\/p>\n","protected":false},"author":1,"featured_media":0,"parent":0,"menu_order":0,"comment_status":"closed","ping_status":"closed","template":"tpl-default-elementor.php","meta":{"footnotes":""},"class_list":["post-1115","page","type-page","status-publish","hentry"],"_links":{"self":[{"href":"https:\/\/novasantarosa.pr.gov.br\/saladoempreendedor\/wp-json\/wp\/v2\/pages\/1115","targetHints":{"allow":["GET"]}}],"collection":[{"href":"https:\/\/novasantarosa.pr.gov.br\/saladoempreendedor\/wp-json\/wp\/v2\/pages"}],"about":[{"href":"https:\/\/novasantarosa.pr.gov.br\/saladoempreendedor\/wp-json\/wp\/v2\/types\/page"}],"author":[{"embeddable":true,"href":"https:\/\/novasantarosa.pr.gov.br\/saladoempreendedor\/wp-json\/wp\/v2\/users\/1"}],"replies":[{"embeddable":true,"href":"https:\/\/novasantarosa.pr.gov.br\/saladoempreendedor\/wp-json\/wp\/v2\/comments?post=1115"}],"version-history":[{"count":10,"href":"https:\/\/novasantarosa.pr.gov.br\/saladoempreendedor\/wp-json\/wp\/v2\/pages\/1115\/revisions"}],"predecessor-version":[{"id":2798,"href":"https:\/\/novasantarosa.pr.gov.br\/saladoempreendedor\/wp-json\/wp\/v2\/pages\/1115\/revisions\/2798"}],"wp:attachment":[{"href":"https:\/\/novasantarosa.pr.gov.br\/saladoempreendedor\/wp-json\/wp\/v2\/media?parent=1115"}],"curies":[{"name":"wp","href":"https:\/\/api.w.org\/{rel}","templated":true}]}}